ermine v(1146).
-2
Let b(d) = -6*d**2 - 8240*d + 108117. Calculate b(13).
-17
Let c(i) = 2*i**3 - 554*i**2 + 564*i - 3285. Determine c(276).
27
Let t(h) = 5*h**3 - 2*h**2 - 173*h + 574. Calculate t(3).
172
Let x(j) = -36468*j - 474076. Determine x(-13).
8
Let t(q) = 94*q + 18730. Give t(-143).
5288
Let z(l) = -371*l + 400. What is z(1)?
29
Let b(d) = -18*d**2 - 2301*d - 6425. Determine b(-125).
-50
Let h(y) = -2*y**2 - 445*y + 21917. Calculate h(-264).
5
Let i(d) = d**2 + 14129*d + 155296. What is i(-11)?
-2
Let t(w) = w**2 - 20*w - 1109. What is t(-22)?
-185
Let v(m) = m**2 + 3871*m - 716494. What is v(177)?
2
Let a(r) = 2493*r + 119677. Calculate a(-48).
13
Let p(i) = 3*i**2 - 796*i + 47330. What is p(90)?
-10
Let n(h) = 5*h**3 - 68*h**2 - 70*h - 2. Give n(-1).
-5
Let x(f) = -8*f**3 - f**2 + 32*f - 100. Give x(3).
-229
Let h(g) = 539*g**2 - 9144*g - 161. Calculate h(17).
162
Let l(g) = 4*g**2 + 3246*g - 36197. What is l(11)?
-7
Let z(c) = -2*c**3 + 304*c**2 - 289*c - 1956. What is z(151)?
7
Let a(h) = -4*h**3 + 773*h**2 - 12613*h - 82. Determine a(18).
8
Let p(d) = -98*d**3 - 1176*d**2 - 11*d - 136. Calculate p(-12).
-4
Let p(t) = -962*t + 32611. What is p(30)?
3751
Let x(i) = -4289*i + 42900. Determine x(10).
10
Let q(l) = 14513*l + 319272. Give q(-22).
-14
Let u(k) = -699*k - 3670. What is u(-6)?
524
Let y(n) = 2*n**2 + 36847*n + 184237. Calculate y(-5).
52
Let x(t) = -2779*t**2 + 61112*t + 573. Calculate x(22).
1
Let b(y) = 426*y + 3032. Determine b(-8).
-376
Let r(z) = 517*z + 13422. Calculate r(-28).
-1054
Let i(y) = y**3 + 54*y**2 - 403*y - 19. Give i(7).
149
Let o(g) = -g**3 + 156*g**2 - 332*g + 3648. Determine o(154).
-48
Let i(w) = -w**3 + 21*w**2 - 40*w + 76. Give i(13).
908
Let q(x) = -9212*x + 46043. What is q(5)?
-17
Let m(f) = -f**3 + 15*f**2 - 32*f - 199. Calculate m(16).
-967
Let c(n) = n**3 + n**2 - 2258*n - 13390. Calculate c(-6).
-22
Let i(g) = -182*g**2 + 763*g - 125. Give i(4).
15
Let b(p) = -7099*p + 28226. Give b(4).
-170
Let p(q) = -784*q + 90936. Calculate p(116).
-8
Let c(l) = l**3 - 41*l**2 + 369*l - 933. Determine c(7).
-16
Let a(i) = 2*i**2 - 9663*i - 58010. Calculate a(-6).
40
Let d(l) = -50*l**3 - 13*l**2 - 103*l + 118. Determine d(1).
-48
Let w(l) = -2082*l + 192. What is w(0)?
192
Let a(c) = 19*c**2 - 166*c - 12. Give a(12).
732
Let b(r) = -2*r**3 + 171*r**2 - 1144*r + 90020. Determine b(85).
5
Let f(p) = -p**3 - 35*p**2 - 14*p - 155. Determine f(-35).
335
Let q(g) = 10*g**2 + 79*g - 466. Calculate q(4).
10
Let m(l) = 438*l - 12520. Calculate m(29).
182
Let u(s) = s**2 - 230*s + 3317. What is u(16)?
-107
Let m(k) = -287*k**2 - 24108*k + 21. Give m(-84).
21
Let q(t) = -t**3 - 334*t**2 + 627*t - 15096. Give q(-336).
24
Let c(z) = z**2 + 80*z + 823. Give c(-66).
-101
Let u(a) = -7*a**3 - 33*a**2 + 3*a - 10. Determine u(-5).
25
Let t(r) = 5*r**3 - 19468*r**2 + 19466*r + 1. Determine t(1).
4
Let p(n) = -5*n**3 + 64*n**2 - 36*n + 7. Give p(10).
1047
Let n(y) = 98485*y - 590976. Determine n(6).
-66
Let d(w) = 22615*w**2 + 1809197*w - 238. What is d(-80)?
2
Let g(w) = w**3 - 88*w**2 + 1224*w - 4849. Determine g(72).
335
Let w(q) = 139*q - 219. Calculate w(8).
893
Let v(f) = 7*f**3 + 951*f**2 - 119*f - 82. Calculate v(-136).
-2394
Let h(q) = -267*q - 14963. Calculate h(-62).
1591
Let w(q) = 5114*q + 5524. Give w(-1).
410
Let y(b) = b**2 - 275*b + 18810. What is y(127)?
14
Let i(l) = -2*l**2 - 3239*l + 218952. What is i(65)?
-33
Let c(u) = 2*u**2 + 212*u + 2010. Calculate c(-11).
-80
Let f(i) = -795*i + 11925. Give f(15).
0
Let x(t) = -4096*t + 4886522. Calculate x(1193).
-6
Let p(k) = k**2 - 53*k - 1506. Give p(-22).
144
Let j(z) = -35*z**2 - 196*z + 62. Determine j(-6).
-22
Let a(b) = b**3 + 59*b**2 - 2348*b - 140557. Give a(-51).
-1
Let t(i) = i**3 - 7*i**2 - 272*i - 3. Give t(19).
-839
Let r(l) = 28*l**2 + 12*l + 310. Give r(5).
1070
Let o(j) = 2*j**3 - 226*j**2 + 259*j - 3922. Calculate o(112).
-2
Let y(i) = i**2 + 4642*i - 196704. Give y(42).
24
Let y(p) = 5*p**2 - 10513*p + 73526. What is y(7)?
180
Let c(u) = u**3 - 101*u**2 + 2019*u - 1783. What is c(26)?
11
Let i(j) = j**2 - 416*j + 10451. Give i(23).
1412
Let l(t) = -2578*t + 5205. Determine l(2).
49
Let w(j) = -1141*j + 61072. Give w(55).
-1683
Let w(l) = -15*l**3 + 4907*l**2 - 645*l - 2912. Calculate w(327).
31
Let d(x) = -3248*x - 38587. What is d(-13)?
3637
Let h(f) = 344*f**2 - 13068*f - 9. Calculate h(38).
143
Let b(v) = -21*v + 2793. What is b(109)?
504
Let d(n) = 17*n**2 + 91*n + 24. Give d(-5).
-6
Let r(v) = -1286*v - 815332. Calculate r(-634).
-8
Let q(b) = -8*b**2 - 54*b + 2058. Calculate q(13).
4
Let z(q) = 74*q**2 + 26*q - 103. What is z(3)?
641
Let l(d) = 659*d - 3350. What is l(5)?
-55
Let s(i) = -2*i**3 + 130*i**2 - 2057*i - 423. Determine s(28).
-3
Let x(r) = 26*r**2 + 15*r + 204. Calculate x(-7).
1373
Let w(c) = c**3 - 81*c**2 - 2773*c - 5. Calculate w(107).
958
Let b(d) = 5*d**3 - 2626*d**2 + 192368*d + 18. Give b(88).
18
Let f(r) = 9*r**2 + 265*r + 138. Determine f(-29).
22
Let y(b) = 218*b - 13768. Determine y(63).
-34
Let n(c) = 1769*c**2 - 44226*c - 2. Determine n(25).
-27
Let a(m) = m**2 + 9*m + 68. Calculate a(-6).
50
Let j(c) = -10*c**2 - 747*c + 6858. Calculate j(9).
-675
Let n(i) = 915*i + 12722. Calculate n(-14).
-88
Let x(l) = -32676*l + 97976. What is x(3)?
-52
Let y(z) = 3*z**3 + 7*z**2 + 108*z - 584. Calculate y(6).
964
Let j(t) = -53*t + 891. What is j(16)?
43
Let w(i) = -51654*i + 103447. Give w(2).
139
Let i(j) = -16*j**2 - 728*j - 95. What is i(-42)?
2257
Let f(k) = -136*k**2 - 2272*k - 3482. What is f(-15)?
-2
Let p(j) = -j**2 + 57643*j + 12962207. What is p(-224)?
-1
Let f(v) = -299*v**3 + 5*v**2 - 66*v + 63. Give f(1).
-297
Let w(v) = -308*v + 4916. What is w(14)?
604
Let i(q) = -23*q**3 + 874*q**2 + 8*q - 266. Calculate i(38).
38
Let m(q) = -13*q**3 + 307*q**2 - 35*q + 3751. What is m(24)?
31
Let g(p) = -15*p + 243. What is g(-20)?
543
Let m(f) = -41924*f - 922331. What is m(-22)?
-3
Let g(o) = -4319*o - 21623. Give g(-5).
-28
Let q(h) = 2*h**2 - 4133*h + 248571. Calculate q(62).
13
Let n(i) = 55*i**2 + 3852*i + 142. Give n(-70).
2
Let y(i) = -i**2 + 237*i - 14197. What is y(124)?
-185
Let a(k) = -k**2 + 185*k + 25862. Give a(278).
8
Let d(r) = 8*r**3 - 272*r**2 - 8*r + 229. Determine d(34).
-43
Let y(z) = -4*z**2 + 6359*z + 181170. Calculate y(-28).
-18
Let n(a) = -a**3 + 6*a**2 + 24997*a - 149973. What is n(6)?
9
Let y(k) = 2*k**3 + 6607*k**2 - 72924*k + 42. What is y(11)?
-13
Let u(k) = 3*k**3 - 47*k**2 - 35*k + 585. What is u(15)?
-390
Let o(m) = -3*m**2 + 822*m - 53433. Calculate o(106).
-9
Let d(u) = -13*u + 625. What is d(9)?
508
Let r(o) = -12*o**2 + 1960*o + 7350. Calculate r(167).
2
Let v(i) = 67561*i - 405560. Give v(6).
-194
Let x(o) = -117*o - 554. Determine x(-7).
265
Let r(j) = j**3 + 88*j**2 - 113*j - 1994. What is r(-89)?
142
Let k(l) = -3*l**3 - 3*l**2 - 1791*l - 5365. Calculate k(-3).
62
Let b(f) = -2*f**3 - 16*f**2 + 59*f - 71. What is b(-11)?
6
Let s(t) = -2*t**3 - 144*t**2 + 576*t + 20836. Give s(-74).
116
Let n(c) = 6*c**2 - 520*c + 10933. Calculate n(51).
19
Let t(q) = 151*q + 20159. Calculate t(-131).
378
Let g(t) = 244*t + 44425. Calculate g(-182).
17
Let w(s) = -133*s + 13319. What is w(105)?
-646
Let t(z) = z**2 - 369*z - 178936. Calculate t(646).
6
Let s(v) = -570*v + 10365. Calculate s(17).
675
Let x(z) = -39473*z + 394707. Give x(10).
-23
Let a(z) = 80464*z + 4264602. Calculate a(-53).
10
Let s(h) = 60*h**3 - 108*h**2. Determine s(2).
48
Let z(w) = -79915*w - 8710782. What is z(-109)?
-47
Let v(o) = -1753*o - 4995. Determine v(-3).
264
Let o(w) = -w**3 + 85*w**2 + 531*w + 21. Calculate o(-6).
111
Let c(q) = -27*q**3 + 5210*q**2 + 323*q - 25093. What is c(193)?
-3
Let n(k) = k**2 - 280*k + 3594. What is n(13)?
123
Let j(g) = 1023*g - 942. Determine j(1).
81
Let j(i) = -106*i + 8302. Determine j(106).
-2934
Let s(w) = -187189*w - 187186. Determine s(-1).
3
Let w(g) = 10*g**3 - 3*g**2 + 27*g - 456. Give w(8).
4688
Let p(f) = 80*f**3 + 4878*f**2 - 129*f - 396. Determine p(-61).
31
Let j(y) = 79326*y + 1507202. Determine j(-19).
8
Let w(j) = j**3 + 2*j**2 - 581*j - 32. Give w(-26).
-1150
Let x(o) = 6*o**2 - o - 174. Give x(12).
678
Let c(j) = -582*j + 124560. Determine c(214).
12
Let l(h)